te the remainder when 257 is divided by b.
17
Suppose 20 = 2*w - 5*y, 37 - 9 = 2*w - y. Let s be 102/(-306)*6*(-1 + 2). What is the remainder when w is divided by (136/(-16) + 6)/(1/s)?
0
Let n(s) = -s**2 - 30*s - 103. What is the remainder when n(-5) is divided by 5?
2
Let l = 3626 - 3423. What is the remainder when l is divided by 91?
21
Let c = -172 + 172. Suppose 18*j - 12*j - 108 = c. Calculate the remainder when 67 is divided by j.
13
Suppose -50*d - 1619 = -12800 + 1231. What is the remainder when 985 is divided by d?
189
Let a(t) = 233*t + 3891. Calculate the remainder when 768 is divided by a(-16).
116
Let t be (-4)/(-6) - (-24)/18. Suppose 5*s - t*h - 143 = -h, -2*s = -2*h - 54. Let p = -9139 - -9150. Calculate the remainder when s is divided by p.
7
Suppose 23*f + 96 = 510. Calculate the remainder when 972/21 - (-4)/(-14) is divided by 4/f - (-115)/(-9)*-1.
7
What is the remainder when 1872 is divided by -335*(4 + -13)/45?
63
Suppose x - 170 = -5*r, -1093*r = 5*x - 1096*r - 850. Calculate the remainder when 471 is divided by x.
131
Let u(o) = 2*o**2 + 1113*o + 4480. Let q = 8 - 1. What is the remainder when u(-4) is divided by q?
4
Let h(s) be the first derivative of 21*s**4/4 - 7*s**3/3 + 3*s**2/2 - 4*s - 9. Calculate the remainder when h(2) is divided by 24.
22
Suppose 25*h - 22*h - 588 = 0. Suppose h = -3*s + 7*s. What is the remainder when 1938/10 - 1/(-5) is divided by s?
47
Let t(r) = 62*r**2 - 2040*r + 63. What is the remainder when 28709 is divided by t(33)?
260
Suppose i - 2*f = -i - 314, -451 = 3*i + f. Let m = i + 161. What is the remainder when 20 is divided by m?
2
Let h(b) = -8*b**2 - 148*b - 18. Calculate the remainder when h(-8) is divided by 7.
3
Suppose -7*y + 25 = -2*y. Suppose y*a + 24 = 149. Let g(v) = -28*v - 7. Calculate the remainder when g(-2) is divided by a.
24
Suppose 98*d + 6 = p + 94*d, -5*d - 39 = -3*p. What is the remainder when 30 is divided by p?
12
Suppose -7*m + 8 = -11*m. Let n be (0/m + 1)*-39. Let h = 45 + n. Calculate the remainder when 18 is divided by h.
0
Let y(i) = 33*i - 68. Let x = 114 + -112. Suppose 0*j + x*j = 5*n + 41, -4*j = 3*n - 17. What is the remainder when y(j) is divided by 22?
20
Suppose -3*v + 148 - 10 = 0. Suppose -21*i - 21*i + 11508 = 0. What is the remainder when i is divided by v?
44
Calculate the remainder when (50/(-30) - -1400*3/9) + -2 is divided by 121.
100
Let l(m) = -m**2 - 48*m + 7085. What is the remainder when 417 is divided by l(63)?
49
Suppose 6 = -2*j, h - 12*j - 15 = -11*j. Let s be ((-5)/4)/(4/(-400)). Let l = s + -78. What is the remainder when l is divided by h?
11
Suppose 5*o - 149 = v, 0*o + 83 = 3*o + v. Suppose 3*l + 5*j = 13, 0*l - j = -2*l. What is the remainder when o is divided by 6 + l - (-10 - -9)?
5
Let w be (-12)/21 - 200/(-7). Suppose 25*s - w*s = 972. Calculate the remainder when 65 is divided by 1*-2 + s/(-9).
31
Let c(v) = 3*v**2 - 213*v - 127. Calculate the remainder when 799 is divided by c(72).
87
Let d = 23911 - 23755. What is the remainder when d is divided by 15?
6
Suppose 5*v = 2*i + 27 - 76, i + 13 = -5*v. Let u = 532 - 353. What is the remainder when u is divided by i?
11
Suppose -12 = -4*h - 0*h. Suppose -c = -5*l + 114, -4*l = -h*c - 139 + 50. Let g = l + -2. Calculate the remainder when 80 is divided by g.
17
Calculate the remainder when ((4124400/(-45))/20)/((-7)/3 + 2) is divided by 55.
53
Suppose 0 = 811*s - 812*s + 1. What is the remainder when 122 is divided by s/(-3) - (-637)/39?
10
Let w(u) = -u**2 + 70*u - 1201. Let x(h) = h**2 + 2*h**2 + 1 - 6. Calculate the remainder when x(4) is divided by w(38).
13
Let f = 7495 - 7476. Suppose -3*a + 2279 + 1046 = 4*g, -5 = a. Calculate the remainder when g is divided by f.
18
Let m = -597 - -597. Suppose 3*o = -6, m*o + 788 = 4*t - 4*o. What is the remainder when t is divided by 58?
21
Let v be (-40 - -31)*(-434)/6. Suppose 0 = 2*w - 3*h - 414, 6*w - 3*w - v = -3*h. What is the remainder when w is divided by 24?
21
Let r = -47 + 80. Calculate the remainder when 5*-77*105/(-275) is divided by r.
15
Let j = -5895 + 6012. Calculate the remainder when 1508 is divided by j.
104
Suppose w - 66 = -4*s, 59*w - 40 = -2*s + 62*w. Let f(n) = 5*n + 39. Calculate the remainder when f(8) is divided by s.
11
What is the remainder when 2226 is divided by 3/(-8 + 2)*-6 - -20?
18
Let i = 61 + -42. Calculate the remainder when (-218)/((-11)/11 - 1) is divided by i.
14
Let o = -1350 + 1966. Calculate the remainder when o is divided by 52.
44
Calculate the remainder when (-1*(-3 - 0) + 3)*(-6023)/(-38) is divided by 59.
7
Let i = 804 - 800. Suppose 5 = -3*a - 7, 0 = -3*z - i*a + 86. What is the remainder when 111 is divided by z?
9
Let z = 3 - 1. Suppose z*t - 3*t + 39 = 5*d, 4*t - 122 = -3*d. Let m(g) = -621*g + 4399. What is the remainder when m(7) is divided by t?
23
Let t(l) be the second derivative of l**5/2 - l**4/4 - l**3/3 + 5*l**2 + 59*l. What is the remainder when t(2) is divided by 15?
14
Let y(g) = 40*g**2 + 127*g + 184. Calculate the remainder when y(-10) is divided by 53.
52
Let t be (-120)/72*(-96)/(-2). Let u = t + 89. Suppose u*a - 69 - 84 = 0. What is the remainder when 66 is divided by a?
15
Suppose 2*c = 3*o + 8706, o = c - 1355 - 2996. What is the remainder when c is divided by 19?
15
Let a = 217 - 227. Let m(c) = c**2 + 5*c + 30. Calculate the remainder when m(a) is divided by 27.
26
Let i be (-6)/(-3) - 6 - 35. Let t(f) = f**3 + 42*f**2 + 114*f + 65. Calculate the remainder when t(i) is divided by 38.
30
Suppose 7*r - 260 - 90 = -0*r. What is the remainder when 7948 is divided by r?
48
Suppose 5*n + 5 = 30. Suppose 126*k - 117*k = 0. Suppose -2*r + 5*r - 15 = k. What is the remainder when n is divided by r?
0
Calculate the remainder when 165 is divided by (-14)/4*(5 - (-210)/(-14)).
25
Let b = 22 + 6. Suppose y - 4*f - 46 = 3*y, 5*f + 14 = -y. Let w = 140 + y. Calculate the remainder when w is divided by b.
27
Let g(b) = 2*b**3 - 51*b**2 + 124*b + 95. What is the remainder when g(25) is divided by 234?
230
Suppose 408*c = 6319 + 20609. Suppose -4*s + 15 = -5. Suppose -s*u = 3*n - 64, -3*u - 2*u - 5*n = -60. What is the remainder when c is divided by u?
10
Suppose m - 845 = 5*a, -600*m - 2*a - 3344 = -604*m. What is the remainder when m is divided by 119?
2
Let u = 3877 + -3872. Let p = -7 + -9. Let f = 20 + p. Calculate the remainder when u is divided by f.
1
Suppose -145*i + 139*i + 366 = 0. Suppose m - 3*t - 2 = 0, m = -4*t + 6 + 24. What is the remainder when i is divided by 48/(-32)*(0 - m)?
19
Let c = 28628 - 28495. Calculate the remainder when 140 is divided by c.
7
Suppose -2*y + 3*l + 289 = 0, -142*y - 5*l - 148 = -143*y. Calculate the remainder when 285 is divided by y.
142
Let d = 12652 - 7346. Suppose -11*k + 1140 = -d. Suppose 0 = 10*r - 24 - k. What is the remainder when r is divided by 22?
17
Let a = 24 + 22. Let z = a + 17. Calculate the remainder when 22 is divided by 558/z - 2/(-14).
4
Let l(i) = -12*i**3 - 11*i + 11. Calculate the remainder when 834 is divided by l(-4).
11
Let g(x) = -2*x**3 - 17*x**2 + 11*x + 37. What is the remainder when (-1512)/(-5) + (-15)/(-25) is divided by g(-9)?
18
Let r(b) = 3*b - 1. Let k(t) = 4*t - 2. Let v(w) = 4*k(w) - 4*r(w). What is the remainder when (-83)/(-2) - (-1)/2 is divided by v(5)?
10
Let p(h) = -2*h**3 + 166*h**2 + 198*h + 109. What is the remainder when p(84) is divided by 28?
25
Suppose d - 4 = 0, 0 = 2*t - 20*d + 15*d - 564. What is the remainder when t is divided by 152?
140
Let k(h) = h**3 + 13*h**2 - 8*h - 17. Calculate the remainder when k(-13) is divided by 31.
25
Suppose 8*z - 20 = 92. Suppose -2*p = -2*x - 3*p + z, 2*p = 0. What is the remainder when (-15 + 2)*-1 + 0 is divided by x?
6
Let i(f) = 13*f**3 - 3*f**2 + f. Let l be i(2). Let y = l - 91. Let a(c) = 13*c - 25. What is the remainder when 27 is divided by a(y)?
13
Let r(b) = -b**3 + 5*b**2 + 5*b - 3. Let l(w) = 65*w + 8. Let y be l(-2). Let f = -15 - y. What is the remainder when f is divided by r(5)?
19
Let b(l) = -3*l**2 + 156*l - 100. Let j(y) = 12*y - 165. What is the remainder when b(51) is divided by j(16)?
26
Let n be 5/15 - 2/(-12)*22. Suppose -24 = -4*z - n*o, -z = -o - 4 - 8. What is the remainder when 54 is divided by (z + -6 - (-17)/